is divided by 125.
117
What is the remainder when 4232453 is divided by 753?
593
What is the remainder when 697775 is divided by 80?
15
What is the remainder when 80125 is divided by 626?
623
Calculate the remainder when 5703916 is divided by 475318.
100
Calculate the remainder when 5433095 is divided by 105.
80
Calculate the remainder when 47244986 is divided by 854.
852
What is the remainder when 42307710 is divided by 23?
15
What is the remainder when 49204575 is divided by 17?
13
Calculate the remainder when 37184824 is divided by 972.
964
What is the remainder when 495273757 is divided by 40?
37
Calculate the remainder when 162126 is divided by 54038.
12
What is the remainder when 115160 is divided by 3488?
56
Calculate the remainder when 2142503 is divided by 2142465.
38
What is the remainder when 2678277 is divided by 8?
5
Calculate the remainder when 623588 is divided by 18880.
548
Calculate the remainder when 419876 is divided by 1561.
1528
Calculate the remainder when 90752 is divided by 5646.
416
Calculate the remainder when 67900878 is divided by 20.
18
Calculate the remainder when 355626 is divided by 1616.
106
Calculate the remainder when 70624 is divided by 103.
69
What is the remainder when 282990 is divided by 92764?
4698
What is the remainder when 190399869 is divided by 4128?
4125
Calculate the remainder when 32561291 is divided by 3943.
3940
What is the remainder when 259818 is divided by 43249?
324
What is the remainder when 799147 is divided by 50?
47
What is the remainder when 71051 is divided by 7104?
11
What is the remainder when 121403 is divided by 339?
41
Calculate the remainder when 1510032 is divided by 148.
136
Calculate the remainder when 11589 is divided by 592.
341
What is the remainder when 6276447357 is divided by 64?
61
Calculate the remainder when 15639350 is divided by 1812.
1790
Calculate the remainder when 19742 is divided by 5315.
3797
Calculate the remainder when 649576 is divided by 215215.
3931
What is the remainder when 5983790 is divided by 227?
70
Calculate the remainder when 21842565 is divided by 37274.
1
Calculate the remainder when 140978 is divided by 12054.
8384
Calculate the remainder when 130290 is divided by 4648.
146
Calculate the remainder when 4915951 is divided by 88.
7
What is the remainder when 29784503 is divided by 991?
989
Calculate the remainder when 983876 is divided by 20460.
1796
Calculate the remainder when 611835 is divided by 9.
6
What is the remainder when 8924 is divided by 399?
146
What is the remainder when 24842356 is divided by 3772?
3736
What is the remainder when 19010 is divided by 6045?
875
Calculate the remainder when 404326 is divided by 202051.
224
Calculate the remainder when 4487364 is divided by 4061.
4020
Calculate the remainder when 334617 is divided by 10286.
5465
What is the remainder when 8923931 is divided by 8556?
23
Calculate the remainder when 1559867 is divided by 2238.
2219
Calculate the remainder when 11454037 is divided by 90.
7
What is the remainder when 76117 is divided by 46?
33
Calculate the remainder when 2449679 is divided by 14495.
24
What is the remainder when 149923 is divided by 1304?
1267
What is the remainder when 50019 is divided by 7141?
32
Calculate the remainder when 149977648 is divided by 243.
235
What is the remainder when 7554613 is divided by 75?
13
What is the remainder when 37473742 is divided by 754?
696
What is the remainder when 119435992 is divided by 3552?
3544
Calculate the remainder when 39227664 is divided by 3922766.
4
What is the remainder when 11563151 is divided by 2398?
2393
Calculate the remainder when 4461691 is divided by 235.
216
Calculate the remainder when 2142111 is divided by 224.
223
Calculate the remainder when 1980334 is divided by 717.
697
What is the remainder when 1476473 is divided by 409?
392
Calculate the remainder when 74532739 is divided by 3253.
3
Calculate the remainder when 8063894 is divided by 61.
60
What is the remainder when 3305802 is divided by 420?
402
What is the remainder when 28195341 is divided by 1039?
1037
Calculate the remainder when 17869628 is divided by 468.
452
What is the remainder when 99695 is divided by 33229?
8
Calculate the remainder when 17220290 is divided by 58.
32
What is the remainder when 127544 is divided by 949?
378
Calculate the remainder when 2417682 is divided by 2417542.
140
What is the remainder when 123122 is divided by 416?
402
What is the remainder when 5523420 is divided by 324898?
154
Calculate the remainder when 201374 is divided by 97434.
6506
Calculate the remainder when 457671 is divided by 516.
495
Calculate the remainder when 16980 is divided by 546.
54
Calculate the remainder when 10896815 is divided by 1210756.
11
Calculate the remainder when 9441 is divided by 736.
609
What is the remainder when 567259 is divided by 1439?
293
What is the remainder when 123078 is divided by 17578?
32
What is the remainder when 17953 is divided by 5862?
367
Calculate the remainder when 480077 is divided by 1913.
1827
Calculate the remainder when 3194839 is divided by 1064829.
352
What is the remainder when 232589 is divided by 3228?
173
What is the remainder when 4845053 is divided by 1587?
1529
What is the remainder when 21221 is divided by 18773?
2448
What is the remainder when 562493 is divided by 1548?
569
Calculate the remainder when 373540 is divided by 16239.
43
What is the remainder when 8426966 is divided by 254?
8
What is the remainder when 174259 is divided by 2421?
2368
What is the remainder when 48370783 is divided by 2922?
2917
Calculate the remainder when 57963030 is divided by 38.
34
What is the remainder when 14285090 is divided by 34505?
20
Calculate the remainder when 293370 is divided by 97056.
2202
Calculate the remainder when 131330 is divided by 10922.
266
What is the remainder when 27147100 is divided by 312?
292
What is the remainder when 11571 is divided by 9?
6
Calculate the remainder when 113126791 is divided by 1213.
1198
Calculate the remainder when 273248 is divided by 134508.
4232
Calculate the remainder when 662287 is divided by 3317.
2204
What is the remainder when 14776162 is divided by 926?
906
Calculate the remainder when 677792 is divided by 728.
24
What is the remainder when 158487187 is divided by 399?
397
Calculate the remainder when 90342513 is divided by 22.
19
What is the remainder when 932063 is divided by 232226?
3159
What is the remainder when 135712 is divided by 10?
2
What is the remainder when 10573197 is divided by 528?
525
What is the remainder when 35417 is divided by 8729?
501
Calculate the remainder when 116173 is divided by 478.
19
Calculate the remainder when 61556 is divided by 867.
866
What is the remainder when 947393 is divided by 947385?
8
Calculate the remainder when 35110 is divided by 8180.
2390
Calculate the remainder when 128703 is divided by 6128.
15
Calculate the remainder when 4296718 is divided by 12981.
7
Calculate the remainder when 73422 is divided by 73414.
8
Calculate the remainder when 5299160 is divided by 223.
11
Calculate the remainder when 4649078 is divided by 1549555.
413
Calculate the remainder when 1083135 is divided by 556.
47
Calculate the remainder when 31945 is divided by 417.
253
Calculate the remainder when 333675 is divided by 8609.
6533
Calculate the remainder when 121305 is divided by 649.
591
Calculate the remainder when 1009588 is divided by 9615.
13
What is the remainder when 4935913 is divided by 115?
113
Calculate the remainder when 1457993 is divided by 208059.
1580
Calculate the remainder when 10620747 is divided by 255.
252
Calculate the remainder when 53304302 is divided by 38.
30
Calculate the remainder when 206836 is divided by 204712.
2124
What is the remainder when 10237788 is divided by 1051?
1048
What is the remainder when 16570816 is divided by 259?
255
Calculate the remainder when 286286 is divided by 285883.
403
Calculate the remainder when 617815 is divided by 3961.
3860
What is the remainder when 9886316 is divided by 90700?
16
Calculate the remainder when 1510652 is divided by 246.
212
Calculate the remainder when 18497048 is divided by 569.
565
What is the remainder when 5395215 is divided by 171?
165
What is the remainder when 792991 i